{"id":2355,"date":"2024-02-11T21:26:11","date_gmt":"2024-02-11T21:26:11","guid":{"rendered":"https:\/\/fincamalaga.com\/?page_id=2355"},"modified":"2024-02-18T21:05:21","modified_gmt":"2024-02-18T21:05:21","slug":"norsk","status":"publish","type":"page","link":"https:\/\/fincamalaga.com\/index.php\/norsk\/?lang=da","title":{"rendered":"Andalusisk finca ved innsj\u00f8en n\u00e6r Caminito del Rey"},"content":{"rendered":"\r\n<h1>Andalusisk <strong>finca<\/strong> i innsj\u00f8distriktet<\/h1>\r\n\r\n\r\n<p><h2><strong>Finca-leiligheter i andalusisk natur<\/strong><\/h2>\r\n\r\n\r\n\r\n\r\nVakre studioleiligheter i et av de vakreste naturomr\u00e5dene i Malaga-provinsen.\r\n\r\nLigger mellom vann og fjell like ved inngangen til kjente Kongesti; Caminito del Rey og kun 45 minutter fra Malaga flyplass.\r\n\r\nVakkert familieeid landsted renovert med respekt for naturen og den tradisjonelle byggestilen med tresperrer og tykke steinvegger.\r\n\r\nDen 5 hektar store tomten er delvis beplantet med \u00f8kologiske mandeltr\u00e6r og en liten sti f\u00f8rer forbi en av mandellundene ned til det vakre innsj\u00f8en.\r\n\r\n<strong>Sj\u00f8 150 m \u00b7 Restauranter 4 km \u00b7 Caminito del Rey 5 km \u00b7 Shopping 16 km \u00b7 Flyplass 65 km<\/strong>\r\n\r\n\r\n<img loading=\"lazy\" decoding=\"async\" src=\"https:\/\/fincamalaga.com\/wp-content\/uploads\/2019\/06\/Damian_Scott_4446_red.jpg\" alt=\"Caminito del Rey\" width=\"2736\" height=\"1824\" class=\"alignnone size- full wp-image-1765\" srcset=\"https:\/\/fincamalaga.com\/wp-content\/uploads\/2019\/06\/Damian_Scott_4446_red.jpg 2736w, https:\/\/fincamalaga.com\/wp-content\/uploads\/2019\/06\/Damian_Scott_4446_red-300x200.jpg 300w, https:\/\/fincamalaga.com\/wp-content\/uploads\/2019\/06\/Damian_Scott_4446_red-768x512.jpg 768w, https:\/\/fincamalaga.com\/wp-content\/uploads\/2019\/06\/Damian_Scott_4446_red-1024x683.jpg 1024w, https:\/\/fincamalaga.com\/wp-content\/uploads\/2019\/06\/Damian_Scott_4446_red-900x600.jpg 900w\" sizes=\"(max-width: 2736px) 100vw, 2736px\" \/>\r\n\r\n\r\n<h2> <strong>Studioleiligheter med utsikt over innsj\u00f8en<\/strong><\/h2>\r\n\r\nLeilighetene er koselige og godt innredet med soveplasser for 2 personer.\r\n\r\nMed egen inngang, eget kj\u00f8kken og bad samt en deilig stor terrasse med hagem\u00f8bler i tre og en uforglemmelig vakker utsikt over innsj\u00f8en.\r\n\r\nDet perfekte stedet \u00e5 nyte solnedgangen med litt tapas og et godt glass spansk vin.\r\n\r\n<h2> Her er noe for enhver som elsker livet<\/h2>\r\nHvis du velger \u00e5 slappe av under den s\u00f8rlige solen og nyte freden i det andalusiske innlandet.\r\n\r\nEller \u00e5 kaste seg ut i noen av de utallige aktivitetene, fotturene og andre mulighetene naturen og hele omr\u00e5det byr p\u00e5, og som er rett utenfor d\u00f8ren.\r\n\r\nRammen er satt for en unik ferie i et av de vakreste omr\u00e5dene i Malaga-provinsen.\r\n\r\n\r\n<h2> <strong>Autentiske opplevelser i ekte Spania<\/strong><\/h2>\r\n\r\nHer kan du oppleve det ekte Andalusia, mens du puster inn frisk og ren luft i den fineste natur.\r\n\r\nOmgitt av sm\u00e5 hvite landsbyer som syder av liv og hvor tiden ser ut til \u00e5 ha st\u00e5tt stille i hundre \u00e5r og begrepet ma\u00f1ana fortsatt eksisterer.\r\n\r\nDet er ikke noe sted for stress og jag, men i stedet vennlighet og livsglede. Men kom og opplev det selv!\r\n\r\n<p align=\"center\"><a class=\"button\" href=\"https:\/\/fincamalaga.com\/index.php\/send-os-en-foresporgsel\/?lang=da\"><span data-hover=\"Bestill en leilighet\">Bestill en leilighet<\/span><\/a><\/p>\r\n\r\n\r\n<img loading=\"lazy\" decoding=\"async\" src=\"https:\/\/fincamalaga.com\/wp-content\/uploads\/2019\/06\/ADVENTURER_ElTorcal2.jpg\" alt=\"El Torcal de Antequera\" width=\"640\" height=\"480\" class=\"alignnone st\u00f8rrelse -full wp-image-1748\" srcset=\"https:\/\/fincamalaga.com\/wp-content\/uploads\/2019\/06\/ADVENTURER_ElTorcal2.jpg 640w, https:\/\/fincamalaga.com\/wp-content\/uploads\/2019\/06\/ADVENTURER_ElTorcal2-300x225.jpg 300w\" sizes=\"(max-width: 640px) 100vw, 640px\" \/>\r\n\r\n<a href=\"https:\/\/fincamalaga.com\/index.php\/contact\/\">bok<\/a>\r\n\r\n<a href=\"https:\/\/authentic.com\">Autentisk<\/a>\r\n","protected":false},"excerpt":{"rendered":"<p>Andalusisk finca i innsj\u00f8distriktet Finca-leiligheter i andalusisk natur Vakre studioleiligheter i et av de vakreste naturomr\u00e5dene i Malaga-provinsen. Ligger mellom vann og fjell like ved inngangen til kjente Kongesti; Caminito del Rey og kun 45 minutter fra Malaga flyplass. Vakkert familieeid landsted renovert med respekt for naturen og den tradisjonelle byggestilen med tresperrer og tykke [&hellip;]<\/p>\n","protected":false},"author":1,"featured_media":704,"parent":0,"menu_order":0,"comment_status":"closed","ping_status":"closed","template":"","meta":{"footnotes":""},"class_list":["post-2355","page","type-page","status-publish","has-post-thumbnail","hentry"],"_links":{"self":[{"href":"https:\/\/fincamalaga.com\/index.php\/wp-json\/wp\/v2\/pages\/2355"}],"collection":[{"href":"https:\/\/fincamalaga.com\/index.php\/wp-json\/wp\/v2\/pages"}],"about":[{"href":"https:\/\/fincamalaga.com\/index.php\/wp-json\/wp\/v2\/types\/page"}],"author":[{"embeddable":true,"href":"https:\/\/fincamalaga.com\/index.php\/wp-json\/wp\/v2\/users\/1"}],"replies":[{"embeddable":true,"href":"https:\/\/fincamalaga.com\/index.php\/wp-json\/wp\/v2\/comments?post=2355"}],"version-history":[{"count":4,"href":"https:\/\/fincamalaga.com\/index.php\/wp-json\/wp\/v2\/pages\/2355\/revisions"}],"predecessor-version":[{"id":2426,"href":"https:\/\/fincamalaga.com\/index.php\/wp-json\/wp\/v2\/pages\/2355\/revisions\/2426"}],"wp:featuredmedia":[{"embeddable":true,"href":"https:\/\/fincamalaga.com\/index.php\/wp-json\/wp\/v2\/media\/704"}],"wp:attachment":[{"href":"https:\/\/fincamalaga.com\/index.php\/wp-json\/wp\/v2\/media?parent=2355"}],"curies":[{"name":"wp","href":"https:\/\/api.w.org\/{rel}","templated":true}]}}